{"id":5,"date":"2023-04-26T09:38:18","date_gmt":"2023-04-26T09:38:18","guid":{"rendered":"https:\/\/elvacu.de\/anfrage\/?page_id=5"},"modified":"2024-05-24T11:01:18","modified_gmt":"2024-05-24T11:01:18","slug":"anfrage","status":"publish","type":"page","link":"https:\/\/elvacu.de\/anfrage\/","title":{"rendered":"Anfrage"},"content":{"rendered":"\n<div class=\"wp-block-cover\"><span aria-hidden=\"true\" class=\"wp-block-cover__background has-background-dim\" style=\"background-color:#65605f\"><\/span><img loading=\"lazy\" decoding=\"async\" width=\"1910\" height=\"460\" class=\"wp-block-cover__image-background wp-image-33\" alt=\"\" src=\"https:\/\/elvacu.de\/anfrage\/wp-content\/uploads\/2023\/04\/anfrageformular-waescheschacht.png\" data-object-fit=\"cover\" srcset=\"https:\/\/elvacu.de\/anfrage\/wp-content\/uploads\/2023\/04\/anfrageformular-waescheschacht.png 1910w, https:\/\/elvacu.de\/anfrage\/wp-content\/uploads\/2023\/04\/anfrageformular-waescheschacht-300x72.png 300w, https:\/\/elvacu.de\/anfrage\/wp-content\/uploads\/2023\/04\/anfrageformular-waescheschacht-1024x247.png 1024w, https:\/\/elvacu.de\/anfrage\/wp-content\/uploads\/2023\/04\/anfrageformular-waescheschacht-768x185.png 768w, https:\/\/elvacu.de\/anfrage\/wp-content\/uploads\/2023\/04\/anfrageformular-waescheschacht-1536x370.png 1536w\" sizes=\"auto, (max-width: 1910px) 100vw, 1910px\" \/><div class=\"wp-block-cover__inner-container is-layout-constrained wp-block-cover-is-layout-constrained\">\n<h1 class=\"wp-block-heading has-text-align-center has-xxlarge-font-size\">Anfrageformulare<\/h1>\n<\/div><\/div>\n\n\n\n<p>Zum <a href=\"https:\/\/elvacu.de\/anfrage\/waescheschacht\/\">Anfrageformular f\u00fcr W\u00e4schesch\u00e4chte<\/a><\/p>\n\n\n\n<p>Zum <a href=\"https:\/\/elvacu.de\/anfrage\/zentralstaubsauger\/\">Anfrageformular f\u00fcr Zentralstaubsauger<\/a><\/p>\n\n\n\n<p>Zum <a href=\"https:\/\/elvacu.de\">ELVACU-Shop<\/a><\/p>\n","protected":false},"excerpt":{"rendered":"<p>Zum Anfrageformular f\u00fcr W\u00e4schesch\u00e4chte Zum Anfrageformular f\u00fcr Zentralstaubsauger Zum ELVACU-Shop<\/p>\n","protected":false},"author":1,"featured_media":0,"parent":0,"menu_order":0,"comment_status":"closed","ping_status":"closed","template":"","meta":{"_kad_post_transparent":"","_kad_post_title":"","_kad_post_layout":"","_kad_post_sidebar_id":"","_kad_post_content_style":"","_kad_post_vertical_padding":"","_kad_post_feature":"","_kad_post_feature_position":"","_kad_post_header":false,"_kad_post_footer":false,"footnotes":""},"class_list":["post-5","page","type-page","status-publish","hentry"],"yoast_head":"<!-- This site is optimized with the Yoast SEO plugin v25.5 - https:\/\/yoast.com\/wordpress\/plugins\/seo\/ -->\n<title>Anfrage - ELVACU Anfrage<\/title>\n<meta name=\"robots\" content=\"index, follow, max-snippet:-1, max-image-preview:large, max-video-preview:-1\" \/>\n<link rel=\"canonical\" href=\"https:\/\/elvacu.de\/anfrage\/\" \/>\n<meta property=\"og:locale\" content=\"de_DE\" \/>\n<meta property=\"og:type\" content=\"article\" \/>\n<meta property=\"og:title\" content=\"Anfrage - ELVACU Anfrage\" \/>\n<meta property=\"og:description\" content=\"Zum Anfrageformular f\u00fcr W\u00e4schesch\u00e4chte Zum Anfrageformular f\u00fcr Zentralstaubsauger Zum ELVACU-Shop\" \/>\n<meta property=\"og:url\" content=\"https:\/\/elvacu.de\/anfrage\/\" \/>\n<meta property=\"og:site_name\" content=\"ELVACU Anfrage\" \/>\n<meta property=\"article:modified_time\" content=\"2024-05-24T11:01:18+00:00\" \/>\n<meta property=\"og:image\" content=\"https:\/\/elvacu.de\/anfrage\/wp-content\/uploads\/2023\/04\/anfrageformular-waescheschacht.png\" \/>\n<meta name=\"twitter:card\" content=\"summary_large_image\" \/>\n<meta name=\"twitter:label1\" content=\"Gesch\u00e4tzte Lesezeit\" \/>\n\t<meta name=\"twitter:data1\" content=\"1\u00a0Minute\" \/>\n<script type=\"application\/ld+json\" class=\"yoast-schema-graph\">{\"@context\":\"https:\/\/schema.org\",\"@graph\":[{\"@type\":\"WebPage\",\"@id\":\"https:\/\/elvacu.de\/anfrage\/\",\"url\":\"https:\/\/elvacu.de\/anfrage\/\",\"name\":\"Anfrage - ELVACU Anfrage\",\"isPartOf\":{\"@id\":\"https:\/\/elvacu.de\/anfrage\/#website\"},\"primaryImageOfPage\":{\"@id\":\"https:\/\/elvacu.de\/anfrage\/#primaryimage\"},\"image\":{\"@id\":\"https:\/\/elvacu.de\/anfrage\/#primaryimage\"},\"thumbnailUrl\":\"https:\/\/elvacu.de\/anfrage\/wp-content\/uploads\/2023\/04\/anfrageformular-waescheschacht.png\",\"datePublished\":\"2023-04-26T09:38:18+00:00\",\"dateModified\":\"2024-05-24T11:01:18+00:00\",\"breadcrumb\":{\"@id\":\"https:\/\/elvacu.de\/anfrage\/#breadcrumb\"},\"inLanguage\":\"de\",\"potentialAction\":[{\"@type\":\"ReadAction\",\"target\":[\"https:\/\/elvacu.de\/anfrage\/\"]}]},{\"@type\":\"ImageObject\",\"inLanguage\":\"de\",\"@id\":\"https:\/\/elvacu.de\/anfrage\/#primaryimage\",\"url\":\"https:\/\/elvacu.de\/anfrage\/wp-content\/uploads\/2023\/04\/anfrageformular-waescheschacht.png\",\"contentUrl\":\"https:\/\/elvacu.de\/anfrage\/wp-content\/uploads\/2023\/04\/anfrageformular-waescheschacht.png\",\"width\":1910,\"height\":460},{\"@type\":\"BreadcrumbList\",\"@id\":\"https:\/\/elvacu.de\/anfrage\/#breadcrumb\",\"itemListElement\":[{\"@type\":\"ListItem\",\"position\":1,\"name\":\"Startseite\",\"item\":\"https:\/\/elvacu.de\/anfrage\/\"},{\"@type\":\"ListItem\",\"position\":2,\"name\":\"Anfrage\"}]},{\"@type\":\"WebSite\",\"@id\":\"https:\/\/elvacu.de\/anfrage\/#website\",\"url\":\"https:\/\/elvacu.de\/anfrage\/\",\"name\":\"ELVACU Anfrage\",\"description\":\"\",\"publisher\":{\"@id\":\"https:\/\/elvacu.de\/anfrage\/#organization\"},\"potentialAction\":[{\"@type\":\"SearchAction\",\"target\":{\"@type\":\"EntryPoint\",\"urlTemplate\":\"https:\/\/elvacu.de\/anfrage\/?s={search_term_string}\"},\"query-input\":{\"@type\":\"PropertyValueSpecification\",\"valueRequired\":true,\"valueName\":\"search_term_string\"}}],\"inLanguage\":\"de\"},{\"@type\":\"Organization\",\"@id\":\"https:\/\/elvacu.de\/anfrage\/#organization\",\"name\":\"ELVACU Anfrage\",\"url\":\"https:\/\/elvacu.de\/anfrage\/\",\"logo\":{\"@type\":\"ImageObject\",\"inLanguage\":\"de\",\"@id\":\"https:\/\/elvacu.de\/anfrage\/#\/schema\/logo\/image\/\",\"url\":\"https:\/\/elvacu.de\/anfrage\/wp-content\/uploads\/2024\/05\/cropped-cropped-elvacu-fav.png\",\"contentUrl\":\"https:\/\/elvacu.de\/anfrage\/wp-content\/uploads\/2024\/05\/cropped-cropped-elvacu-fav.png\",\"width\":512,\"height\":205,\"caption\":\"ELVACU Anfrage\"},\"image\":{\"@id\":\"https:\/\/elvacu.de\/anfrage\/#\/schema\/logo\/image\/\"}}]}<\/script>\n<!-- \/ Yoast SEO plugin. -->","yoast_head_json":{"title":"Anfrage - ELVACU Anfrage","robots":{"index":"index","follow":"follow","max-snippet":"max-snippet:-1","max-image-preview":"max-image-preview:large","max-video-preview":"max-video-preview:-1"},"canonical":"https:\/\/elvacu.de\/anfrage\/","og_locale":"de_DE","og_type":"article","og_title":"Anfrage - ELVACU Anfrage","og_description":"Zum Anfrageformular f\u00fcr W\u00e4schesch\u00e4chte Zum Anfrageformular f\u00fcr Zentralstaubsauger Zum ELVACU-Shop","og_url":"https:\/\/elvacu.de\/anfrage\/","og_site_name":"ELVACU Anfrage","article_modified_time":"2024-05-24T11:01:18+00:00","og_image":[{"url":"https:\/\/elvacu.de\/anfrage\/wp-content\/uploads\/2023\/04\/anfrageformular-waescheschacht.png","type":"","width":"","height":""}],"twitter_card":"summary_large_image","twitter_misc":{"Gesch\u00e4tzte Lesezeit":"1\u00a0Minute"},"schema":{"@context":"https:\/\/schema.org","@graph":[{"@type":"WebPage","@id":"https:\/\/elvacu.de\/anfrage\/","url":"https:\/\/elvacu.de\/anfrage\/","name":"Anfrage - ELVACU Anfrage","isPartOf":{"@id":"https:\/\/elvacu.de\/anfrage\/#website"},"primaryImageOfPage":{"@id":"https:\/\/elvacu.de\/anfrage\/#primaryimage"},"image":{"@id":"https:\/\/elvacu.de\/anfrage\/#primaryimage"},"thumbnailUrl":"https:\/\/elvacu.de\/anfrage\/wp-content\/uploads\/2023\/04\/anfrageformular-waescheschacht.png","datePublished":"2023-04-26T09:38:18+00:00","dateModified":"2024-05-24T11:01:18+00:00","breadcrumb":{"@id":"https:\/\/elvacu.de\/anfrage\/#breadcrumb"},"inLanguage":"de","potentialAction":[{"@type":"ReadAction","target":["https:\/\/elvacu.de\/anfrage\/"]}]},{"@type":"ImageObject","inLanguage":"de","@id":"https:\/\/elvacu.de\/anfrage\/#primaryimage","url":"https:\/\/elvacu.de\/anfrage\/wp-content\/uploads\/2023\/04\/anfrageformular-waescheschacht.png","contentUrl":"https:\/\/elvacu.de\/anfrage\/wp-content\/uploads\/2023\/04\/anfrageformular-waescheschacht.png","width":1910,"height":460},{"@type":"BreadcrumbList","@id":"https:\/\/elvacu.de\/anfrage\/#breadcrumb","itemListElement":[{"@type":"ListItem","position":1,"name":"Startseite","item":"https:\/\/elvacu.de\/anfrage\/"},{"@type":"ListItem","position":2,"name":"Anfrage"}]},{"@type":"WebSite","@id":"https:\/\/elvacu.de\/anfrage\/#website","url":"https:\/\/elvacu.de\/anfrage\/","name":"ELVACU Anfrage","description":"","publisher":{"@id":"https:\/\/elvacu.de\/anfrage\/#organization"},"potentialAction":[{"@type":"SearchAction","target":{"@type":"EntryPoint","urlTemplate":"https:\/\/elvacu.de\/anfrage\/?s={search_term_string}"},"query-input":{"@type":"PropertyValueSpecification","valueRequired":true,"valueName":"search_term_string"}}],"inLanguage":"de"},{"@type":"Organization","@id":"https:\/\/elvacu.de\/anfrage\/#organization","name":"ELVACU Anfrage","url":"https:\/\/elvacu.de\/anfrage\/","logo":{"@type":"ImageObject","inLanguage":"de","@id":"https:\/\/elvacu.de\/anfrage\/#\/schema\/logo\/image\/","url":"https:\/\/elvacu.de\/anfrage\/wp-content\/uploads\/2024\/05\/cropped-cropped-elvacu-fav.png","contentUrl":"https:\/\/elvacu.de\/anfrage\/wp-content\/uploads\/2024\/05\/cropped-cropped-elvacu-fav.png","width":512,"height":205,"caption":"ELVACU Anfrage"},"image":{"@id":"https:\/\/elvacu.de\/anfrage\/#\/schema\/logo\/image\/"}}]}},"_links":{"self":[{"href":"https:\/\/elvacu.de\/anfrage\/wp-json\/wp\/v2\/pages\/5","targetHints":{"allow":["GET"]}}],"collection":[{"href":"https:\/\/elvacu.de\/anfrage\/wp-json\/wp\/v2\/pages"}],"about":[{"href":"https:\/\/elvacu.de\/anfrage\/wp-json\/wp\/v2\/types\/page"}],"author":[{"embeddable":true,"href":"https:\/\/elvacu.de\/anfrage\/wp-json\/wp\/v2\/users\/1"}],"replies":[{"embeddable":true,"href":"https:\/\/elvacu.de\/anfrage\/wp-json\/wp\/v2\/comments?post=5"}],"version-history":[{"count":12,"href":"https:\/\/elvacu.de\/anfrage\/wp-json\/wp\/v2\/pages\/5\/revisions"}],"predecessor-version":[{"id":127,"href":"https:\/\/elvacu.de\/anfrage\/wp-json\/wp\/v2\/pages\/5\/revisions\/127"}],"wp:attachment":[{"href":"https:\/\/elvacu.de\/anfrage\/wp-json\/wp\/v2\/media?parent=5"}],"curies":[{"name":"wp","href":"https:\/\/api.w.org\/{rel}","templated":true}]}}